d o.
13
Let q(t) = 4*t**2 - 31*t - 17. Suppose 3*m - 18 = -k + 2*m, 4*k - 5*m - 45 = 0. Let s be q(k). Calculate the greatest common divisor of 22 and s.
22
Suppose -8360 - 8686 - 5130 = -224*h. What is the greatest common factor of h and 297?
99
Let x(f) = -f**2 - 9*f - 4. Let q = 105 + -149. Let k = -50 - q. Let p be x(k). Calculate the greatest common factor of 14 and p.
14
Let u be -3*8/108 + 2/9. Suppose -5*s + 1386 = -1539. Suppose u = -r - 4*r + s. Calculate the greatest common factor of 78 and r.
39
Let l = 3000 + -2998. Calculate the highest common divisor of l and 149.
1
Suppose -2*h + 5*b = 2*h + 35, -14 = 4*h + 2*b. Let j be 112/(-2)*(h/(-2) - 3). What is the highest common divisor of 70 and j?
14
Let r(k) = 5*k - 38. Let o(b) = -b + 1. Let c(v) = -2*o(v) - 2*r(v). Let q be c(7). Suppose 3*i - 8*i + 15 = 0. Calculate the greatest common factor of i and q.
3
Let u(j) = -156*j - 5725. Let h be u(-83). What is the greatest common divisor of h and 62?
31
Let n be 0/13 - (-2)/(-1) - (-588 - -6). Calculate the highest common factor of 13485 and n.
145
Let f be (117/(-4))/1*1*-4. Let j = -53 + 99. Suppose 4*x = -3*m - 0*m + j, x = 4*m + 21. Calculate the highest common divisor of f and x.
13
Suppose 5*m - 34584 = -q + 5*q, -13818 = -2*m - q. What is the greatest common divisor of 81 and m?
27
Let x(a) = 5*a**2 + 17*a + 35. Let d be x(-2). Suppose h - 249 = -d. What is the highest common factor of 12 and h?
12
Let r be 9 + (-8 - -170)/9. What is the highest common divisor of r and 720?
9
Suppose 4*i = -0*i - 2*u + 248, -136 = -2*i + 5*u. Let b = 605 + -603. Suppose b*f = 5 - 15, 53 = 2*y - 5*f. Calculate the highest common factor of y and i.
7
Let m = 3934 - 2842. What is the greatest common factor of 91 and m?
91
Let p = 29 - 16. Let g be 6 + 95 - 3/(-1). Suppose -4*t = -6*t + g. What is the greatest common factor of t and p?
13
Let p = -34 + 1. Let i = p - -57. Suppose 0 = 4359*r - 4397*r + 114. What is the greatest common factor of i and r?
3
Let t = -53 + 49. Let q be (-33)/(-11) + t/(-2). Let x be (-2)/(-45)*q - (-122)/18. Calculate the highest common factor of 35 and x.
7
Let g be (((-3)/2)/3)/(16/(-7 + -16249)). Calculate the highest common divisor of 2413 and g.
127
Suppose -2*r - 3*i = i - 380, 0 = -3*r + 4*i + 530. Suppose -126*u = -112*u - r. Calculate the highest common divisor of 767 and u.
13
Let y be (-2*(-1)/(-6))/((-3)/1422). Let c = 194 - y. Calculate the highest common factor of 54 and c.
18
Let d(o) = -2*o**2 - 175*o + 97. Let r be d(-88). Calculate the highest common factor of r and 123.
3
Let k be ((-48)/11)/8 - -982*39/33. What is the highest common factor of 24 and k?
8
Let a(f) = 2*f + 44. Let n be a(-21). Suppose 68 = r - n*j, j = -r - 1 + 54. Let i be -3*-2*(-29)/(-6). Calculate the greatest common factor of i and r.
29
Suppose s + 3*c - 129 = 0, 566*s - 5*c = 567*s - 119. What is the greatest common factor of 81 and s?
9
Let o(r) = -37*r - 35. Let p be o(-1). Let x be (-1 - 135)/((-6)/60). Suppose p*b = 7*b - x. What is the greatest common divisor of 17 and b?
17
Suppose i = -u + 2 + 7, -25 = -5*i + 5*u. Let w be 93756/273 - (-4)/i. What is the greatest common factor of 8 and w?
8
Let c be 5682/15 + 1 - (-16)/(95 - 15). What is the greatest common factor of 16 and c?
4
Let m be (612/30)/((14/21105)/((-4)/(-12))). What is the highest common factor of m and 201?
201
Let s = 320 + -501. Let i = 149 - s. What is the greatest common factor of 44 and i?
22
Let x = 522 - -543. Suppose 7*w = -x - 1217. Let z = w + 497. What is the greatest common divisor of 19 and z?
19
Let c = 41 + -22. Let h(n) = 44*n - 19. Let i be h(-7). Let v = i - -498. What is the greatest common factor of c and v?
19
Let s = 0 - -1. Suppose 15*x = -14*x - 7*x + 612. Calculate the greatest common divisor of s and x.
1
Let x(j) be the third derivative of j**5/60 - 316*j**2. Suppose -a + 2*f = a, -5*a + 4*f = -1. Let m be x(a). What is the highest common factor of 8 and m?
1
Let t be 10/3 + (-42 - (-28324)/582). Suppose -3 + 7 = -4*y. Let k = 3 - y. Calculate the highest common divisor of k and t.
2
Let i = -350 - -240. Let v = i + 131. What is the highest common divisor of v and 63?
21
Let g be (8/6)/((9/(-27))/((-3)/1)). What is the highest common divisor of 352 and g?
4
Let s = -3 + 1. Let l be 2/1 + s - -7. Let q be (7/5)/((-32)/(-160)). What is the highest common factor of q and l?
7
Suppose 9*h - 207 - 567 = 0. What is the highest common factor of h and 258?
86
Suppose 69*z = 71*z - 168. Suppose -22 = t - 3*j - 82, z = 2*t + 3*j. Suppose 2*p = -p + 72. Calculate the highest common divisor of t and p.
24
Suppose -3*w = 2*y - 56, 32 = 53*y - 51*y - 3*w. Suppose 2*z - 102 = -5*p, -4*p - 4*z + 94 = p. What is the greatest common divisor of y and p?
22
Suppose 1297 - 415 = 6*f. Let j = 211 - f. Calculate the highest common factor of j and 48.
16
Suppose 0 = 4*o - 2*f - 1774, 2*o + 2002*f - 2007*f - 915 = 0. Calculate the highest common factor of 1720 and o.
40
Let l = -3612 - -3715. What is the highest common factor of l and 1?
1
Let z be ((-80*3)/(-3))/1. Let i(b) = -b**3 - 15*b**2 + 13*b - 53. Let c be i(-15). Let v = -238 - c. Calculate the greatest common factor of v and z.
10
Suppose -33*a = -3*u - 30*a + 2355, 3*u = a + 2343. What is the greatest common divisor of u and 19?
19
Suppose 300 = -2*m + 3*m. Let h = 756 - 744. Calculate the highest common divisor of h and m.
12
Suppose -2*k - 13 + 3 = -2*w, -46 = -5*w - 2*k. Suppose -v + 7 + 49 = 0. Suppose -q - w + v = 0. Calculate the greatest common divisor of q and 16.
16
Let b be 481 + 3/((-11)/2*6/(-22)). Calculate the greatest common divisor of b and 18.
3
Let c = -17089 - -18709. Calculate the highest common factor of c and 80.
20
Suppose 2*c = -2*z + 32, c + 4*z = 2*c + 9. Let n(k) = -187*k**2 - 4491*k + 104. Let i be n(-24). What is the highest common factor of c and i?
11
Let v(s) be the third derivative of 11*s**5/20 + s**4/24 - s**3/6 - s**2. Let d be v(1). Let c = -18557 - -18568. What is the highest common factor of c and d?
11
Suppose z + 2*p = 148, -79 + 371 = 2*z + 5*p. Let g be (-4)/6 + (z/9)/2. Suppose -3*s + 91 = -173. What is the greatest common divisor of g and s?
8
Suppose -6*w + 1123 = -701. Suppose -n + 17*n = w. What is the greatest common factor of n and 1?
1
Let s be (588/(-140))/(2 - 76/40). Suppose -g - 40 = -0*g. Let x = g - s. Calculate the highest common divisor of 2 and x.
2
Let x(z) = 9*z**2 + 115*z + 230. Let g be x(-2). Calculate the greatest common factor of g and 2124.
36
Let o(f) = f**2 - 2*f**2 + 13*f - 80 + 51 + 0*f. Let n be o(10). What is the greatest common divisor of n and 7?
1
Let v(z) = 32*z**2 + 5*z + 14. Let u be v(-5). Suppose 0 = -2*r - d + 525, 2*d - u = -3*r - 0*d. Calculate the highest common factor of 9 and r.
9
Suppose -170 = -5*l - 0*l. Let t be (-1)/((-1)/974) - (140 + -152). Calculate the highest common divisor of t and l.
34
Let l(u) = -2*u**2 + 8*u + 14. Let g be l(5). Suppose 0 = g*y - c - 975, -730 = -3*y + 2*c - c. Let f = y - 145. What is the highest common divisor of f and 25?
25
Suppose -123779 - 247768 = -139*h. Calculate the greatest common factor of h and 121.
11
Let t be (35/15)/(57/171). Suppose 0 = -0*a - a + 4. Suppose u - a = 10. What is the highest common factor of u and t?
7
Suppose 4*r + 5*y + 20 = 0, -4*r + 2*y = -r - 8. Suppose 5*z + 4*z - 180 = r. Suppose z + 40 = 2*f. What is the highest common factor of 12 and f?
6
Let f(h) = 3*h + 15. Let o(z) = -z - 7. Let r(g) = -2*f(g) - 5*o(g). Let a be r(-6). Calculate the greatest common factor of 319 and a.
11
Suppose 1496 = 96*a - 85*a. Let z(m) = -53*m**2 + 5*m + 4. Let x be z(4). Let v be 1/(-3) + x/(-24). Calculate the highest common divisor of v and a.
34
Let f be -3 + (-39)/(-12) - 880/(-64). Calculate the greatest common factor of f and 1414.
14
Let x = 524 - 182. Suppose 19*a - 18*a + 1 = 0, 5*b = -2*a + 88. Calculate the greatest common divisor of x and b.
18
Let z(b) = -31*b - 32*b - 3*b**2 + b**3 + 63 - 15*b**2 + 21*b. Let u be z(20). What is the highest common divisor of u and 621?
23
Let r be 9295/1045 + (-4)/(-38). Let n = 83 + -32. Suppose 4*m = 16, 2*m + n = x - m. What is the highest common factor of x and r?
9
Let w = -233 + 240. Let x = -6 - -15. Su